{"id":14426,"date":"2026-09-02T13:11:20","date_gmt":"2026-09-02T16:11:20","guid":{"rendered":"https:\/\/defensoriarionegro.gov.ar\/drn\/?page_id=14426"},"modified":"2026-09-02T14:14:50","modified_gmt":"2026-09-02T17:14:50","slug":"guia-de-acompanamiento-para-familias-integradas-por-personas-con-sindrome-de-down-2","status":"publish","type":"page","link":"https:\/\/defensoriarionegro.gov.ar\/drn\/guia-de-acompanamiento-para-familias-integradas-por-personas-con-sindrome-de-down-2\/","title":{"rendered":"Gu\u00eda de acompa\u00f1amiento para familias integradas por personas con s\u00edndrome de Down"},"content":{"rendered":"\t\t<div data-elementor-type=\"wp-page\" data-elementor-id=\"14426\" class=\"elementor elementor-14426\" data-elementor-post-type=\"page\">\n\t\t\t\t<div class=\"elementor-element elementor-element-707d636 e-flex e-con-boxed e-con e-parent\" data-id=\"707d636\" data-element_type=\"container\" data-e-type=\"container\">\n\t\t\t\t\t<div class=\"e-con-inner\">\n\t\t\t\t<div class=\"elementor-element elementor-element-792b780 elementor-mobile-align-center elementor-widget-mobile__width-inherit elementor-align-left elementor-tablet-align-left elementor-invisible elementor-widget elementor-widget-button\" data-id=\"792b780\" data-element_type=\"widget\" data-e-type=\"widget\" data-settings=\"{&quot;_animation&quot;:&quot;fadeIn&quot;}\" data-widget_type=\"button.default\">\n\t\t\t\t\t\t\t\t\t\t<a class=\"elementor-button elementor-button-link elementor-size-sm elementor-animation-grow\" href=\"https:\/\/defensoriarionegro.gov.ar\/drn\/wp-content\/uploads\/2026\/06\/Guia-de-acompanamiento-para-familias-integradas-por-personas-con-sindrome-de-Down.pdf\" target=\"_blank\">\n\t\t\t\t\t\t<span class=\"elementor-button-content-wrapper\">\n\t\t\t\t\t\t<span class=\"elementor-button-icon\">\n\t\t\t\t<svg aria-hidden=\"true\" class=\"e-font-icon-svg e-far-file-alt\" viewBox=\"0 0 384 512\" xmlns=\"http:\/\/www.w3.org\/2000\/svg\"><path d=\"M288 248v28c0 6.6-5.4 12-12 12H108c-6.6 0-12-5.4-12-12v-28c0-6.6 5.4-12 12-12h168c6.6 0 12 5.4 12 12zm-12 72H108c-6.6 0-12 5.4-12 12v28c0 6.6 5.4 12 12 12h168c6.6 0 12-5.4 12-12v-28c0-6.6-5.4-12-12-12zm108-188.1V464c0 26.5-21.5 48-48 48H48c-26.5 0-48-21.5-48-48V48C0 21.5 21.5 0 48 0h204.1C264.8 0 277 5.1 286 14.1L369.9 98c9 8.9 14.1 21.2 14.1 33.9zm-128-80V128h76.1L256 51.9zM336 464V176H232c-13.3 0-24-10.7-24-24V48H48v416h288z\"><\/path><\/svg>\t\t\t<\/span>\n\t\t\t\t\t\t\t\t\t<span class=\"elementor-button-text\">Ver documento<\/span>\n\t\t\t\t\t<\/span>\n\t\t\t\t\t<\/a>\n\t\t\t\t\t\t\t\t<\/div>\n\t\t\t\t<div class=\"elementor-element elementor-element-e4c7948 elementor-widget-mobile__width-inherit elementor-align-left elementor-mobile-align-center elementor-invisible elementor-widget elementor-widget-button\" data-id=\"e4c7948\" data-element_type=\"widget\" data-e-type=\"widget\" data-settings=\"{&quot;_animation&quot;:&quot;fadeIn&quot;}\" data-widget_type=\"button.default\">\n\t\t\t\t\t\t\t\t\t\t<a class=\"elementor-button elementor-button-link elementor-size-sm elementor-animation-grow\" href=\"https:\/\/defensoriarionegro.gov.ar\/drn\/wp-content\/uploads\/2026\/09\/Guia-de-acompanamiento-para-familias-integradas-por-personas-con-sindrome-de-Down-accesible.pdf\" target=\"_blank\">\n\t\t\t\t\t\t<span class=\"elementor-button-content-wrapper\">\n\t\t\t\t\t\t\t\t\t<span class=\"elementor-button-text\">Ir a versi\u00f3n accesible<\/span>\n\t\t\t\t\t<\/span>\n\t\t\t\t\t<\/a>\n\t\t\t\t\t\t\t\t<\/div>\n\t\t\t\t\t<\/div>\n\t\t\t\t<\/div>\n\t\t\t\t<\/div>\n\t\t","protected":false},"excerpt":{"rendered":"<p>Ver documento Ir a versi\u00f3n accesible<\/p>\n","protected":false},"author":3,"featured_media":0,"parent":0,"menu_order":0,"comment_status":"closed","ping_status":"closed","template":"","meta":{"_joinchat":[],"footnotes":""},"class_list":["post-14426","page","type-page","status-publish","hentry"],"jetpack_sharing_enabled":true,"_links":{"self":[{"href":"https:\/\/defensoriarionegro.gov.ar\/drn\/wp-json\/wp\/v2\/pages\/14426","targetHints":{"allow":["GET"]}}],"collection":[{"href":"https:\/\/defensoriarionegro.gov.ar\/drn\/wp-json\/wp\/v2\/pages"}],"about":[{"href":"https:\/\/defensoriarionegro.gov.ar\/drn\/wp-json\/wp\/v2\/types\/page"}],"author":[{"embeddable":true,"href":"https:\/\/defensoriarionegro.gov.ar\/drn\/wp-json\/wp\/v2\/users\/3"}],"replies":[{"embeddable":true,"href":"https:\/\/defensoriarionegro.gov.ar\/drn\/wp-json\/wp\/v2\/comments?post=14426"}],"version-history":[{"count":22,"href":"https:\/\/defensoriarionegro.gov.ar\/drn\/wp-json\/wp\/v2\/pages\/14426\/revisions"}],"predecessor-version":[{"id":14454,"href":"https:\/\/defensoriarionegro.gov.ar\/drn\/wp-json\/wp\/v2\/pages\/14426\/revisions\/14454"}],"wp:attachment":[{"href":"https:\/\/defensoriarionegro.gov.ar\/drn\/wp-json\/wp\/v2\/media?parent=14426"}],"curies":[{"name":"wp","href":"https:\/\/api.w.org\/{rel}","templated":true}]}}

Guía de acompañamiento para familias integradas por personas con síndrome de Down

<div data-elementor-type="wp-page" data-elementor-id="14426" class="elementor elementor-14426" data-elementor-post-type="page">
				<div class="elementor-element elementor-element-707d636 e-flex e-con-boxed e-con e-parent" data-id="707d636" data-element_type="container" data-e-type="container">
					<div class="e-con-inner">
				<div class="elementor-element elementor-element-792b780 elementor-mobile-align-center elementor-widget-mobile__width-inherit elementor-align-left elementor-tablet-align-left elementor-invisible elementor-widget elementor-widget-button" data-id="792b780" data-element_type="widget" data-e-type="widget" data-settings="{&quot;_animation&quot;:&quot;fadeIn&quot;}" data-widget_type="button.default">
										<a class="elementor-button elementor-button-link elementor-size-sm elementor-animation-grow" href="https://defensoriarionegro.gov.ar/drn/wp-content/uploads/2026/06/Guia-de-acompanamiento-para-familias-integradas-por-personas-con-sindrome-de-Down.pdf" target="_blank">
						<span class="elementor-button-content-wrapper">
						<span class="elementor-button-icon">
				<svg aria-hidden="true" class="e-font-icon-svg e-far-file-alt" viewBox="0 0 384 512" xmlns="http://www.w3.org/2000/svg"><path d="M288 248v28c0 6.6-5.4 12-12 12H108c-6.6 0-12-5.4-12-12v-28c0-6.6 5.4-12 12-12h168c6.6 0 12 5.4 12 12zm-12 72H108c-6.6 0-12 5.4-12 12v28c0 6.6 5.4 12 12 12h168c6.6 0 12-5.4 12-12v-28c0-6.6-5.4-12-12-12zm108-188.1V464c0 26.5-21.5 48-48 48H48c-26.5 0-48-21.5-48-48V48C0 21.5 21.5 0 48 0h204.1C264.8 0 277 5.1 286 14.1L369.9 98c9 8.9 14.1 21.2 14.1 33.9zm-128-80V128h76.1L256 51.9zM336 464V176H232c-13.3 0-24-10.7-24-24V48H48v416h288z"></path></svg>			</span>
									<span class="elementor-button-text">Ver documento</span>
					</span>
					</a>
								</div>
				<div class="elementor-element elementor-element-e4c7948 elementor-widget-mobile__width-inherit elementor-align-left elementor-mobile-align-center elementor-invisible elementor-widget elementor-widget-button" data-id="e4c7948" data-element_type="widget" data-e-type="widget" data-settings="{&quot;_animation&quot;:&quot;fadeIn&quot;}" data-widget_type="button.default">
										<a class="elementor-button elementor-button-link elementor-size-sm elementor-animation-grow" href="https://defensoriarionegro.gov.ar/drn/wp-content/uploads/2026/09/Guia-de-acompanamiento-para-familias-integradas-por-personas-con-sindrome-de-Down-accesible.pdf" target="_blank">
						<span class="elementor-button-content-wrapper">
									<span class="elementor-button-text">Ir a versión accesible</span>
					</span>
					</a>
								</div>
					</div>
				</div>
				</div>

<p>Ver documento Ir a versión accesible</p>
