{"id":305,"date":"2025-06-24T10:15:12","date_gmt":"2025-06-24T13:15:12","guid":{"rendered":"https:\/\/web.defensoriarionegro.gov.ar\/?page_id=305"},"modified":"2026-02-10T09:29:15","modified_gmt":"2026-02-10T12:29:15","slug":"preguntas-frecuentes","status":"publish","type":"page","link":"https:\/\/defensoriarionegro.gov.ar\/drn\/preguntas-frecuentes\/","title":{"rendered":"\u00bfC\u00f3mo hacer un reclamo?"},"content":{"rendered":"\t\t<div data-elementor-type=\"wp-page\" data-elementor-id=\"305\" class=\"elementor elementor-305\" data-elementor-post-type=\"page\">\n\t\t\t\t<div class=\"elementor-element elementor-element-366ac5c3 e-flex e-con-boxed e-con e-parent\" data-id=\"366ac5c3\" data-element_type=\"container\" data-e-type=\"container\">\n\t\t\t\t\t<div class=\"e-con-inner\">\n\t\t\t\t<div class=\"elementor-element elementor-element-5914b342 elementor-widget elementor-widget-text-editor\" data-id=\"5914b342\" data-element_type=\"widget\" data-e-type=\"widget\" data-widget_type=\"text-editor.default\">\n\t\t\t\t\t\t\t\t\t\n<h2 class=\"wp-block-heading\" style=\"text-align: left;\">\u00bfQu\u00e9 es la Defensor\u00eda del Pueblo?<\/h2>\n\n<p>La Defensor\u00eda del Pueblo es un organismo que controla el funcionamiento de la administraci\u00f3n p\u00fablica de la Provincia de R\u00edo Negro, creado por la Constituci\u00f3n y que act\u00faa con plena independencia y autonom\u00eda funcional, para garantizar y promover los derechos humanos.<\/p>\n\n<h2 class=\"wp-block-heading\">\u00bfEn qu\u00e9 te podemos ayudar?<\/h2>\n\n<p>El Organismo interviene ante actos, hechos u omisiones de la administraci\u00f3n p\u00fablica provincial que impliquen el ejercicio irregular de sus funciones. Adem\u00e1s, la Defensor\u00eda del Pueblo debe observar la calidad de los servicios p\u00fablicos, defender el medio ambiente, investigar todo hecho que suponga un ataque o lesi\u00f3n de la libertad de expresi\u00f3n e informaci\u00f3n.\u00a0La Instituci\u00f3n, en muchas oportunidades, act\u00faa como mediadora y\/o conciliadora entre la administraci\u00f3n y la persona perjudicada para resolver los conflictos.<\/p>\n\n<p>Por otra parte, la instituci\u00f3n lleva adelante acciones de promoci\u00f3n de los derechos humanos generando una cultura de respeto por los mismos.<\/p>\n\n<p>Tambi\u00e9n, este Organismo puede impulsar iniciativas parlamentarias y\/o cambios legislativos y administrativos\u00a0 en funci\u00f3n de la ampliaci\u00f3n de los derechos humanos.<\/p>\n\n<p>A su vez, tiene las facultades para iniciar acciones judiciales como recursos de amparo y habeas corpus o de protecci\u00f3n constitucional en defensa de los derechos difusos o derechos de instancia colectiva gozando para ello del beneficio de litigar sin gastos.<\/p>\n\n<p>Finalmente, la Defensor\u00eda, tambi\u00e9n puede monitorear situaciones que provoquen violaciones a los derechos humanos, principalmente a determinados grupos de la poblaci\u00f3n como las mujeres, los ni\u00f1os, personas adultas mayores, ind\u00edgenas, ciudadanos privados de libertad, ante conflictos sociales o pol\u00edticos y ante situaciones de derechos econ\u00f3micos, sociales y culturales.<\/p>\n\n<p>Es oportuno aclarar que las demandas crecientes, en un escenario socio-econ\u00f3mico complejo, hacen que los desaf\u00edos a afrontar y resolver por parte de\u00a0la Defensor\u00eda del Pueblo vayan m\u00e1s all\u00e1 de la representaci\u00f3n de los derechos individuales y colectivos. Y esto es as\u00ed cuando se comprueba como la gente que se siente desamparada, sufrida, cansada, en la que subyace esencialmente una desconfianza frente a la actuaci\u00f3n del Estado, sus dirigentes y organizaciones tradicionales, apela a otras Instituciones en la esperanza de ser o\u00eddos en el reclamo de sus derechos que considera han sido vulnerados.<\/p>\n\n<p>As\u00ed,\u00a0la Defensor\u00eda\u00a0del Pueblo surge expectante como modalidad operativa de soluci\u00f3n de conflictos. Busca celeridad, sencillez, austeridad, justicia y fundamentalmente respuesta. Cuando esa persona habla traduce una desilusi\u00f3n, un descreimiento y una sensaci\u00f3n de desprotecci\u00f3n. En suma, est\u00e1 pidiendo apoyo, ayuda, lo que no implica necesariamente una resoluci\u00f3n favorable a su queja. A veces, incluso, necesita que le expliquen por qu\u00e9 no tiene raz\u00f3n.<\/p>\n\n<p>Por ello se dice modernamente que, en realidad,\u00a0la Defensor\u00eda\u00a0del Pueblo canaliza el descontento social y ejerce presi\u00f3n ante las instituciones para solucionar los problemas, redefiniendo el \u00e1mbito de la resoluci\u00f3n de estos conflictos.<\/p>\n\n<h2 class=\"wp-block-heading\">\u00bfQui\u00e9n puede hacer un reclamo?<\/h2>\n\n<p>Toda persona mayor o menor de edad, grupo de ciudadanos o asociaciones residentes en la Provincia de R\u00edo Negro.<\/p>\n\n<h2 class=\"wp-block-heading\">\u00bfD\u00f3nde se puede hacer un reclamo?<\/h2>\n\n<p>Hay varias formas de presentar una denuncia o reclamo:<\/p>\n\n<ul class=\"wp-block-list\">\n<li>Llamando al <strong>0800 999 3776<\/strong><\/li>\n\n<li>Escribiendo por WhatsApp <strong>2920 239023<\/strong><\/li>\n\n<li>A trav\u00e9s de nuestro formulario web, ingresando <a href=\"https:\/\/defensoriarionegro.gov.ar\/drn\/tu-reclamo\/\" data-type=\"page\" data-id=\"23\"><strong>aqu\u00ed<\/strong>.<\/a><\/li>\n\n<li>Por correo electr\u00f3nico, escribiendo a <a href=\"mailto:consulta@defensoria.rionegro.gov.ar\">consulta@defensoria.rionegro.gov.ar<\/a><\/li>\n\n<li>Personalmente en nuestra Sede Central de Viedma (25 de mayo N\u00b0565) o en las <a href=\"https:\/\/defensoriarionegro.gov.ar\/drn\/delegaciones\/\" data-type=\"page\" data-id=\"21\">Delegaciones<\/a><\/li>\n\n<li>En las oficinas de los Juzgados de Paz de toda la provincia n en el marco del convenio con el Poder Judicial<\/li>\n<\/ul>\n\n<ol class=\"wp-block-list\">\n<li>Juzgados de Paz \u2013 <a href=\"https:\/\/www.jusrionegro.gov.ar\/web\/acceso-a-justicia\/inspectoria.php\" target=\"_blank\" rel=\"noreferrer noopener\" data-type=\"link\" data-id=\"https:\/\/www.jusrionegro.gov.ar\/web\/acceso-a-justicia\/inspectoria.php\"><strong>Ver ubicaci\u00f3n<\/strong><\/a><\/li>\n \n<li>Casas de Justicia \u2013\u00a0<a href=\"https:\/\/www.jusrionegro.gov.ar\/web\/acceso-a-justicia\/pagina-dinamica.php?id=403\" target=\"_blank\" rel=\"noreferrer noopener\" data-type=\"link\" data-id=\"https:\/\/www.jusrionegro.gov.ar\/web\/acceso-a-justicia\/pagina-dinamica.php?id=403\"><strong>Ver ubicaci\u00f3n<\/strong><\/a><\/li>\n \n<li>Oficinas de Atenci\u00f3n al Ciudadano \u2013\u00a0<a href=\"https:\/\/www.jusrionegro.gov.ar\/web\/acceso-a-justicia\/OACI\/guia-de-oficinas.php\" target=\"_blank\" rel=\"noreferrer noopener\" data-type=\"link\" data-id=\"https:\/\/www.jusrionegro.gov.ar\/web\/acceso-a-justicia\/OACI\/guia-de-oficinas.php\"><strong>Ver ubicaci\u00f3n<\/strong><\/a><\/li>\n<\/ol>\n<p><!-- \/wp:list --><\/p>\n<!-- \/wp:paragraph --><!-- wp:paragraph -->\n<p>\u00a0<\/p>\n<!-- \/wp:paragraph -->\t\t\t\t\t\t\t\t<\/div>\n\t\t\t\t\t<\/div>\n\t\t\t\t<\/div>\n\t\t\t\t<\/div>\n\t\t","protected":false},"excerpt":{"rendered":"<p>\u00bfQu\u00e9 es la Defensor\u00eda del Pueblo? La Defensor\u00eda del Pueblo es un organismo que controla el funcionamiento de la administraci\u00f3n p\u00fablica de la Provincia de R\u00edo Negro, creado por la Constituci\u00f3n y que act\u00faa con plena independencia y autonom\u00eda funcional, para garantizar y promover los derechos humanos. \u00bfEn qu\u00e9 te podemos ayudar? El Organismo interviene [&hellip;]<\/p>\n","protected":false},"author":2,"featured_media":0,"parent":0,"menu_order":0,"comment_status":"closed","ping_status":"closed","template":"","meta":{"footnotes":""},"class_list":["post-305","page","type-page","status-publish","hentry"],"_links":{"self":[{"href":"https:\/\/defensoriarionegro.gov.ar\/drn\/wp-json\/wp\/v2\/pages\/305","targetHints":{"allow":["GET"]}}],"collection":[{"href":"https:\/\/defensoriarionegro.gov.ar\/drn\/wp-json\/wp\/v2\/pages"}],"about":[{"href":"https:\/\/defensoriarionegro.gov.ar\/drn\/wp-json\/wp\/v2\/types\/page"}],"author":[{"embeddable":true,"href":"https:\/\/defensoriarionegro.gov.ar\/drn\/wp-json\/wp\/v2\/users\/2"}],"replies":[{"embeddable":true,"href":"https:\/\/defensoriarionegro.gov.ar\/drn\/wp-json\/wp\/v2\/comments?post=305"}],"version-history":[{"count":12,"href":"https:\/\/defensoriarionegro.gov.ar\/drn\/wp-json\/wp\/v2\/pages\/305\/revisions"}],"predecessor-version":[{"id":12915,"href":"https:\/\/defensoriarionegro.gov.ar\/drn\/wp-json\/wp\/v2\/pages\/305\/revisions\/12915"}],"wp:attachment":[{"href":"https:\/\/defensoriarionegro.gov.ar\/drn\/wp-json\/wp\/v2\/media?parent=305"}],"curies":[{"name":"wp","href":"https:\/\/api.w.org\/{rel}","templated":true}]}}